 -20) + (-2 - (-6 - -3)) + 3.
-12
Calculate 10 + -17 + -4 - -15 - -12.
16
(-17 + 14 - -26) + (-1 - 9)
13
-9 + -4 + -24 + 14 + 12
-11
Calculate 2 - (1 - 0 - -3) - -10.
8
Calculate -11 + -12 - -24 - 13.
-12
7 + -1 + (-1 - -1) + -7
-1
What is 3 - (0 + 0) - (-2 + (-19 - -21))?
3
Evaluate -8 + (14 - 8) - (21 + 0 + 1).
-24
Evaluate (-4 - -3 - -6) + 8 + -2 + -15.
-4
What is the value of -17 + -6 + 7 - -22?
6
What is the value of 19 + (-21 - (24 + -12))?
-14
Evaluate 12 + -4 + -92 + 68 + 41.
25
What is the value of 14 - (-5 + 15) - (0 + -2 - 6)?
12
What is the value of (9 + -8 + -6 - -8) + 8 + 2?
13
Calculate (6 - -3) + 1 + (-46 - (-67 - -49)).
-18
Evaluate 6 + 2 + 1 + 2 - 7.
4
What is the value of 13 - (1 - (-17 + 1)) - 32?
-36
1 - 2 - (-69 - -84)
-16
What is (-17 + 12 - (-3 + 6)) + 23?
15
What is 3 + 2 + 7 + -16 + 7 + 1?
4
What is -8 + (1 + -4 + -6 - (-47 - -28))?
2
Calculate -1 + 1 + 2 + (-66 - -53).
-11
What is the value of -2 - ((16 + -11 - 1) + 13)?
-19
Evaluate 53 + -79 + 13 + -1.
-14
What is (-12 - -29) + -12 - 5?
0
What is -6 + (6 - 2) + -5 + -1 + 5?
-3
252 + -245 + 12 + -1
18
Calculate 1 + 23 - (654 - 621) - (-37 - 2).
30
What is the value of -20 - (14 - 15 - (13 + -6))?
-12
-11 - (-56 + 27 + 37)
-19
What is the value of -2 + 6 - (30 + (-4 - (8 + -12)))?
-26
12 + -9 + (-9 - (-5 + (-6 - -16)))
-11
(8 - (-5 + 2)) + -8
3
Evaluate (10 - (-6 - -2)) + -296 + 307.
25
37 + -41 + (17 - 0)
13
What is the value of -4 + ((-5 - 21) + 16 - (1 - 0))?
-15
What is ((0 - 2) + -6 - -1) + 1 + 2?
-4
(-9 - 4) + (0 - -1) + (6 - 3)
-9
-3 + (8 - (12 - 7))
0
What is the value of 54 + -42 - (-2 + -7 + 6)?
15
Evaluate -24 - ((9 - 9) + (-23 - -11)).
-12
What is the value of -4 - -1 - (8 - ((-23 - -21) + -5))?
-18
Calculate (0 - 3) + 0 + 16 - (-2 + 9).
6
Calculate -3 + 8 + 7 + -2 + -3 + 0.
7
(17 + -7 - 1 - 7 - 10) + -2
-10
What is 14 - (-9 - (-17 - (3 - 36)))?
39
What is 3 + (-12 - (27 + -14 - -1))?
-23
Calculate (-19 - -35) + (-5 - -3 - 7).
7
35 + -33 + (4 - -2) + -3
5
Calculate 27 + 22 - 57 - (4 - (2 - 1)).
-11
Calculate -15 + 25 - (2 + -2 + 24).
-14
Evaluate (-8 - (-20 + 7 - 7)) + -7.
5
What is the value of (-4 - (-11 - -7)) + (12 - (4 + -9))?
17
Evaluate 14 - 0 - (103 + -89) - (0 - -8).
-8
Calculate (49 - (16 - -27)) + 2 + 10.
18
Evaluate -2 + 17 - ((-8 - -16) + 4).
3
What is the value of -110 + 123 + (3 - 3) + (1 - -1)?
15
What is 2 + (-3 - (6 - 4) - (2 + -5))?
0
What is the value of -21 - 2 - ((-1 - 10) + 0)?
-12
(-31 - (-9 + 8)) + (-1 - (-4 + 4))
-31
What is 17 - (1 - (12 - (-12 + 29)))?
11
Calculate 3 - (-11 - -2 - (34 + -36)).
10
What is -5 - (3 + -1 + 8 + -7 + -11)?
3
(-5 - -15 - (4 - -1)) + (0 - 23)
-18
Evaluate 8 - (-16 - -16) - -1.
9
What is the value of 20 + 12 + (-12 - (4 - 5 - 3))?
24
(1 - -5) + -21 + 4
-11
Evaluate -4 + 3 + 5 + -7 + 7 - 13.
-9
176 + -172 + (-4 - -5 - (4 + 2))
-1
Evaluate (-15 - 1) + -14 + (0 + -4 - -16).
-18
Evaluate 13 - (27 + -17 + -4).
7
-6 - ((10 - 16) + -10 + 9)
1
What is the value of -28 + 28 - (-6 + -4)?
10
Evaluate 15 + -18 + (0 - 2) + -2.
-7
Evaluate 10 + (-4 - 1 - (-13 + 14)) + -9.
-5
What is 3 + 1 + 3 + -3 + -2 + -6?
-4
Evaluate -1 + -8 - (1 + 3) - (2 - 3).
-12
Calculate 11 + -2 + 3 + -310 + 302 - 20.
-16
What is the value of (-5 - 0 - (22 - 37)) + 16?
26
Calculate (-4 - -4) + 18 - 4.
14
What is the value of -20 - (9 + (-11 - 5) + 6 - 6)?
-13
Evaluate 2 + 2 + 18 + -21.
1
Evaluate (-1 - 18) + (-618 - -638).
1
1 - (2 - 1) - (-17 - (-8 - 14))
-5
What is the value of -12 + -17 + 4 + 15 + (29 - 0)?
19
What is the value of -4 + (0 - (4 + (-1 - -4)))?
-11
What is the value of -8 - ((-6 - -7) + 4 - 7)?
-6
What is -13 - (-14 - 19) - (-1 + 48)?
-27
What is 7 - 0 - 10 - 5 - -17 - 7?
2
What is the value of (-18 - 4) + (17 - -2)?
-3
What is 10 + -11 + -7 - (-2 - (5 + -4))?
-5
Calculate -8 - (1 - 9 - (0 + -8)).
-8
Evaluate 4 - (-17 - (-20 + -8)).
-7
Calculate 17 - -6 - (-4 + 3 - 0 - -4).
20
What is the value of -8 + 13 - -18 - (2 - -3)?
18
What is the value of -42 + (22 - -9) - (-8 + (0 - 0))?
-3
What is the value of 25 + -22 - 5 - (2 + -1 + 2)?
-5
-1 + -5 + 2 + (5 - 24)
-23
What is the value of -2 + 3 + (0 - 6) + (-8 - -47)?
34
What is the value of -25 + (-3 - (-4 + -3) - -5) + -2?
-18
(22 - 21) + 23 + -8
16
What is the value of -6 - (-3 + 2 + -3 - (-438 + 457))?
17
Evaluate -6 + 3 + (13 + -2 - 6) + 4.
6
Evaluate (-10 - (-7 + -14) - 16) + 26.
21
Calculate (-30 + 25 - (-1 - -4)) + 10 - -9.
11
(-8 - (-9 - 5)) + 7 + 1
14
What is the value of -1 - 66 - (-107 + 79)?
-39
Calculate 15 - (-6 - (-1 - (6 - 1)) - 5).
20
1516 + -1505 - (1 + 7 - -1)
2
Evaluate 3 + -9 + 26 + -14 + -2 + 2.
6
What is 10 - 0 - (-2 - 0 - -8) - 0?
4
-1 + -11 + (634 - 627)
-5
(0 - 1) + 6 + -8 + -6 + 0
-9
(-1 - 15) + -2 + 14
-4
0 - ((8 - (11 - (1 + -1))) + 0)
3
-5 - 0 - (-88 - -77) - 8
-2
What is -4 + 21 - (3 + (15 - 10))?
9
What is the value of -2 - -3 - 3 - (-2 + 8)?
-8
What is -2 + (11 - 32 - (1 + -7)) + 4?
-13
-9 + -27 + 23 + 4
-9
Evaluate (0 - (-2 - 2)) + -19 + 10.
-5
Calculate 12 + -30 - -4 - -9.
-5
What is the value of 2 - (7 - (4 + 7 + -3))?
3
(3 - (-14 - -34 - 4)) + 28
15
What is the value of 9 - 19 - (-32 - (5 + -10))?
17
What is the value of -7 + -3 + -10 + (24 - 9)?
-5
What is the value of -4 + 28 + (-6 - 14)?
4
Evaluate (2 - 12) + -2 - (57 + -61).
-8
-12 + 14 - (-6 + (14 - 6))
0
What is the value of (5 - -3 - 5) + -1 + 0 + 9?
11
Calculate 5 - (-15 + (13 - 8) - -35).
-20
What is the value of (9 + 3 - (-4 - -10)) + 8?
14
What is 28 - ((4 - -16) + -13) - 6?
15
What is 2 + 7 - 2 - (26 + -11 - 22)?
14
What is the value of 23 + (-4 - 3 - (-2 + 2))?
16
-21 + 0 - (-820 - -808)
-9
Calculate -1 - (0 + 23 + 5 + -8 - 5).
-16
What is (-2 - -1) + 0 + -1 + 1?
-1
What is the value of 1 + -6 + (13 - 23) + 7?
-8
Evaluate -3 + (-11 - -7 - 2).
-9
2 + -2 + (-2 - 7) + -1
-10
13 + (-17 - 5) + (-5 - 14)
-28
-1 + 9 - (-9 - (5 + -9 - -3))
16
What is -13 + 9 + -15 + 1 + 2?
-16
What is the value of -22 - (4 + -13) - 0?
-13
Calculate (11 - 17) + 20 + -7 + 8.
15
Evaluate -2 + 7 + 1 - 10.
-4
What is the value of -12 - (-8 - 6) - 42 - -8?
-32
What is 9 - (20 - (-26 + 30 + (-2 - 4)))?
-13
What is the value of -2 + (-2 - -1) - (17 - 35 - 7)?
22
Calculate -9 - ((17 + -6 - 28) + -2 + -7).
17
Evaluate -4 - (-12 - (1 + -4)) - (-6 - 0).
11
Evaluate -7 - 1 - (53 - 50).
-11
Calculate -23 + 35 - (-13 + 9 - -14).
2
Evaluate 10 + (5 - (-8 - (14 - 22))).
15
What is -14 + -2 + (-29 - (8 - 49))?
-4
-2 - (1 - 3) - ((-25 - -12) + 18)
-5
Evaluate 5 + (-7 + (-9 - -3) - -8).
0
What is the value of -31 - (-5 + -8 + 3)?
-21
Calculate -9 - (-12 - -26 - 10).
-13
Calculate 6 - (8 + -5 + 0).
3
Evaluate 6 - (-22 + (3 - -8)).
17
(141 - 168 - (3 - 20)) + (-1 - -2)
-9
What is 1 - 12 - (5 + -64 + 23)?
25
Evaluate 0 - 6 - (-77 + 72).
-1
Calculate 3 + (-11 - 2) + 14 + (2 - 0).
6
What is (20 - 17) + -5 - (2 - -13)?
-17
Evaluate 30 - (16 - -7) - 20.
-13
What is -4 - (-1 - (-7 + 3 + -4 + -8))?
-19
Calculate 15 - (6 + -1 - -28).
-18
What is the value of -11 - (8 + (4 - 25))?
2
26 + 4 + 84 + -106
8
What is the value of 43 + (-56 - -17) + 6?
10
Calculate 2 + -9 + 28 + -7.
14
What is -140 + 117 - (3 + -39)?
13
What is -3 - -2 - 15 - (-53 - -47)?
-10
34 + 43 + -54 + -20
3
Evaluate (-25 - -18) + -13 - -21.
1
Calculate (7 - -2) + (-5 + 39 - 21 - 16).
6
What is -21 + (-2 - 2 - (60 - 69)) + -1?
-17
What is 22 + -54 + 7 + 24?
-1
What is (196 - 136) + -3 + -30?
27
Evaluate (-18 - -13) + 6 + (-15 - (1 - 4)).
-11
Calculate 63 - 69 - (5 + 0 + -4).
-7
Calculate 36 - ((16 - -77) + -37).
-20
What is the value of (-1 + -7 - -24) + 8 + -9?
15
What is the value of -7 + (18 - 6) + -2 - (3 - -3)?
-3
What is the value of 6 + 2 - (17 - (-15 + 17))?
-7
What is -6 - -29 - (9 + 33)?
-19
Evaluate -45 + 14 + 19 - (1 - 32).
19
What is -1 + (-1 - -9 - (7 - -12))?
-12
Calculate 11 + 9 - 24 - (3 + -6).
-1
Evaluate 8 + 4 + -19 - -7.
0
Evaluate -6 + -10 + 16 + 15.
15
What is the value of -3 - ((-2 - -3) + -9 + -26)?
31
What is the value of -2 - (1 + -16 - (242 + -241))?
14
What is 21 + -3 + 2 - (8 - 1)?
13
Evaluate (2 - 3) + -5 + 5.
-1
What is the value of 8 + -4 + (-6 - -3)?
1
Evaluate -2 - (-6 + 0 + 10 + (-5 - 1)).
0
Evaluate -6 + 29 + -5 + (-5 - (0 + -5)).
18
What is the value of (-2 - -22) + -12 + (-18 - 0)?
-10
What is the value of 2 + -1 + -4 + (1 + 3 - 